{"id":61074,"date":"2014-02-09T23:08:04","date_gmt":"2014-02-10T04:08:04","guid":{"rendered":"https:\/\/inalj.com\/?page_id=61074"},"modified":"2016-01-01T16:05:32","modified_gmt":"2016-01-01T22:05:32","slug":"inalj-france","status":"publish","type":"page","link":"https:\/\/inalj.com\/?page_id=61074","title":{"rendered":"INALJ France"},"content":{"rendered":"<p>This is an inactive page<\/p>\n<p>&nbsp;<\/p>\n<p>&#8212;&#8212;&#8212;&#8212;&#8211;<\/p>\n<p>&nbsp;<\/p>\n<p>&nbsp;<\/p>\n<p><strong><span style=\"color: #ff0000;\">OPEN<\/span>, Senior Editor, INALJ France<\/strong><\/p>\n<p><span style=\"color: #ff0000;\"><strong>Email volunteer at inalj dot com for details!\u00a0 Not being updated currently!\u00a0<\/strong><\/span><\/p>\n<ul>\n<li><a href=\"#sponsored\">Sponsored Jobs<\/a><\/li>\n<li><a href=\"#new\">New Job Listings<\/a><\/li>\n<li><a href=\"#web\">Websites for Jobs<\/a><\/li>\n<li style=\"text-align: left;\"><a href=\"#contact\">Contact Us<\/a><\/li>\n<\/ul>\n<div>\n<h3><b><a name=\"sponsored\"><\/a>SPONSORED JOBS<\/b><\/h3>\n<\/div>\n<div>\n<h3 style=\"text-align: center;\"><span style=\"color: #993366;\">Have your job seen by the most job hunters! Get more qualified applicants! Place a\u00a0<strong>sponsored ad<\/strong>\u00a0today!<\/span>\u00a0<span style=\"color: #0000ff;\"><a style=\"color: #0000ff;\" href=\"https:\/\/inalj.com\/?page_id=79649\" target=\"_blank\">Details here<\/a>!<\/span><\/h3>\n<\/div>\n<h3><b><a name=\"new\"><\/a>New Jobs as of\u00a0<\/b><\/h3>\n<h3><b><a name=\"web\"><\/a>Websites for Jobs<\/b><\/h3>\n<p><strong>Job Banks<\/strong><\/p>\n<ul>\n<li>The <a href=\"http:\/\/www.archivistes.org\/-Emploi-\">Association des Archivistes Fran\u00e7ais<\/a>\u00a0provides a job-board.<\/li>\n<li><a href=\"http:\/\/bibliofrance.org\/index.php?option=com_neorecruit&amp;Itemid=90\">BiblioFrance<\/a> hosts a job-board with diverse offerings.<\/li>\n<li>The <a href=\"http:\/\/www.enssib.fr\/emploi\/consulter-les-offres\/emploi\">job-board<\/a> hosted by the \u00c9cole Nationale Sup\u00e9rieure des Sciences de l&#8217;Information et de Biblioth\u00e8ques is frequently updated.<\/li>\n<li><a href=\"http:\/\/www.emploipublic.fr\/jobSearch\/list\/chapter\/1\/page\/1\">emploipublic<\/a> is often updated.<\/li>\n<\/ul>\n<p><strong>Individual Libraries<\/strong><\/p>\n<ul>\n<li><span style=\"letter-spacing: 0.05em;\">The\u00a0<\/span><a style=\"letter-spacing: 0.05em;\" href=\"http:\/\/www.aup.edu\/employment-opportunities\">American University of Paris<\/a><span style=\"letter-spacing: 0.05em;\">\u00a0lists jobs.<\/span><\/li>\n<li>The <a href=\"http:\/\/www.bibliotheque-mazarine.fr\/en\/about\/jobs\">Biblioth\u00e8que Mazarine<\/a><\/li>\n<li>The <a href=\"http:\/\/emploi.bnf.fr\/\">Biblioth\u00e8que nationale de France<\/a> provides employment offers and related resources.<\/li>\n<li><a href=\"http:\/\/www.univ-nantes.fr\/63905073\/0\/fiche___pagelibre\/&amp;RH=RECR\">Universit\u00e9 de Nantes<\/a><\/li>\n<li><a href=\"http:\/\/www.colmar.fr\/informations-pratiques\/offres-emploi-colmar.html\">Ville de Colmar<\/a><\/li>\n<li><a href=\"http:\/\/www.ville-douai.fr\/index.php\/Offres-d%26%23039%3Bemploi?idpage=105&amp;afficheMenuContextuel=true\">Ville de Douai<\/a><\/li>\n<li><a href=\"http:\/\/www.grenoble.fr\/124-emploi-recrutement-et-concours.htm\">Ville de Grenoble<\/a><\/li>\n<li><a href=\"http:\/\/www.recrutement-mairie.lyon.fr\/\">Ville de Lyon<\/a><\/li>\n<li><a style=\"letter-spacing: 0.05em; line-height: 1.6875;\" href=\"http:\/\/www1.nancy.fr\/enligne\/offres-demploi\/postes-proposes.html\">Ville de Nancy<\/a><\/li>\n<li><a href=\"https:\/\/www.nantes.fr\/home\/a-votre-service\/fiches-pratiques\/mairie\/offres-emploi-mairie-ccas.html\">Ville de Nantes<\/a><\/li>\n<li><a href=\"http:\/\/extranet.nimes.fr\/extranet\/emplois\/offres-liste.php\">Ville de N\u00eemes<\/a><\/li>\n<li><a href=\"http:\/\/www.paris.fr\/recrutement\">Ville de Paris<\/a><\/li>\n<li><a href=\"http:\/\/www.reims.fr\/economie-emploi\/entrepreunariat-et-emploi\/offres-demploi.htm\">Ville de Reims<\/a><\/li>\n<li><a href=\"https:\/\/www.emploi.strasbourg.eu\/lesoffres.aspx\">Ville (et C.U.) de Strasbourg<\/a><\/li>\n<\/ul>\n<p><strong>Other Ideas<\/strong><\/p>\n<ul>\n<li><a href=\"http:\/\/www.abes.fr\/Entete\/L-ABES-recrute\">Agence Bibliographique de l&#8217;Enseignement Sup\u00e9rieu<\/a>r recruitment<\/li>\n<li><a href=\"https:\/\/www.facebook.com\/pages\/Biblioemplois\/246639138728606\">Biblioemplois<\/a> also has a Facebook page<\/li>\n<\/ul>\n<h3><b><a name=\"contact\"><\/a>Contact Us<\/b><\/h3>\n<p><em><em>If you have a job or website you want us to add email us at\u00a0<\/em> <strong><a href=\"mailto:jobs@inalj.com\">jobs@inalj.com\u00a0 <\/a>Always put the state\/province\/country In The Subject Line of emails<\/strong><\/em><\/p>\n<p><em>This list of websites originally compiled by Dillon Wackerman- edited, updated and added to on 11\/4\/12 by Naomi House.\u00a0 Now curated and maintained by the Senior Editor\u00a0of this page.<\/em><\/p>\n","protected":false},"excerpt":{"rendered":"<p>This is an inactive page &nbsp; &#8212;&#8212;&#8212;&#8212;&#8211; &nbsp; &nbsp; OPEN, Senior Editor, INALJ France Email volunteer at inalj dot com for details!\u00a0 Not being updated currently!\u00a0 Sponsored Jobs New Job Listings Websites for Jobs Contact Us SPONSORED JOBS Have your job seen by the most job hunters! Get more qualified applicants! Place a\u00a0sponsored ad\u00a0today!\u00a0Details here!&hellip;<\/p>\n<p class=\"more-link-p\"><a class=\"more-link\" href=\"https:\/\/inalj.com\/?page_id=61074\">Read more \u2192<\/a><\/p>\n","protected":false},"author":9,"featured_media":0,"parent":0,"menu_order":0,"comment_status":"closed","ping_status":"open","template":"","meta":{"footnotes":""},"tags":[],"class_list":["post-61074","page","type-page","status-publish","hentry"],"jetpack_shortlink":"https:\/\/wp.me\/P1WoMK-fT4","jetpack_sharing_enabled":true,"_links":{"self":[{"href":"https:\/\/inalj.com\/index.php?rest_route=\/wp\/v2\/pages\/61074","targetHints":{"allow":["GET"]}}],"collection":[{"href":"https:\/\/inalj.com\/index.php?rest_route=\/wp\/v2\/pages"}],"about":[{"href":"https:\/\/inalj.com\/index.php?rest_route=\/wp\/v2\/types\/page"}],"author":[{"embeddable":true,"href":"https:\/\/inalj.com\/index.php?rest_route=\/wp\/v2\/users\/9"}],"replies":[{"embeddable":true,"href":"https:\/\/inalj.com\/index.php?rest_route=%2Fwp%2Fv2%2Fcomments&post=61074"}],"version-history":[{"count":0,"href":"https:\/\/inalj.com\/index.php?rest_route=\/wp\/v2\/pages\/61074\/revisions"}],"wp:attachment":[{"href":"https:\/\/inalj.com\/index.php?rest_route=%2Fwp%2Fv2%2Fmedia&parent=61074"}],"wp:term":[{"taxonomy":"post_tag","embeddable":true,"href":"https:\/\/inalj.com\/index.php?rest_route=%2Fwp%2Fv2%2Ftags&post=61074"}],"curies":[{"name":"wp","href":"https:\/\/api.w.org\/{rel}","templated":true}]}}